(f) = 2*f**2 + 4*f - 6. Determine i(4).
42
Let c(b) = b**3 - 33*b**2 - 17*b - 2. Calculate c(0).
-2
Let f(a) = 23*a - 619. What is f(27)?
2
Let t(u) = -u**3 + 8*u**2 + 31*u - 44. Determine t(12).
-248
Let f(a) = -2*a**2 + 320*a - 2736. Give f(9).
-18
Let h(f) = -14*f**3 - 5*f**2 + 22*f + 26. Determine h(-1).
13
Let m(r) = -35*r - 8. Determine m(-1).
27
Let t(w) = 100*w + 469. What is t(-5)?
-31
Let f(y) = -36*y + 1212. Give f(37).
-120
Let u(j) = -56*j + 1317. Give u(24).
-27
Let v(j) = 1054*j - 2097. Determine v(2).
11
Let q(l) = 3*l**2 - 129*l + 470. Determine q(39).
2
Let n(s) = -165*s**2 + 44*s + 45. Determine n(-1).
-164
Let q(c) = -16*c**3 - 1392*c**2 - c - 73. Calculate q(-87).
14
Let x(n) = -83*n - 23. Determine x(-2).
143
Let a(m) = -85*m + 254. Determine a(3).
-1
Let v(y) = 42*y + 169. Calculate v(-8).
-167
Let s(t) = -251*t + 1291. Determine s(5).
36
Let t(g) = g**3 + 15*g**2 - 21*g - 294. What is t(-5)?
61
Let k(u) = 4*u - 2. Calculate k(-3).
-14
Let c(r) = -3*r**2 - 443*r + 596. What is c(-149)?
0
Let s(w) = -w**3 + 72*w**2 + 98*w - 1822. Give s(73).
3
Let v(m) = -1056*m + 2065. Determine v(2).
-47
Let l(z) = -z**3 - 20*z**2 - 55*z + 9. What is l(-4)?
-27
Let i(l) = 27*l**2 - 1091*l + 434. Give i(40).
-6
Let t(i) = 36*i**2 - 1113*i - 91. Determine t(31).
2
Let p(w) = -72*w + 228. Determine p(11).
-564
Let z(c) = c**3 - 29*c**2 + 34*c - 261. Calculate z(28).
-93
Let s(b) = -b**3 - 5*b**2 - 11. Determine s(5).
-261
Let j(s) = 4*s**2 + 69*s - 87. Calculate j(-19).
46
Let b(c) = -c**2 + 274*c + 2204. Calculate b(-8).
-52
Let t(o) = 2*o - 140. What is t(70)?
0
Let y(u) = 6*u - 426. Determine y(46).
-150
Let m(o) = -o**3 + 132*o**2 - 118*o - 1708. Determine m(131).
-5
Let u(t) = -2399*t + 16779. Determine u(7).
-14
Let q(r) = -16*r**3 + 4*r**2 + 12*r + 7. Give q(-1).
15
Let h(w) = 180*w**3 + 2*w**2 + 2*w. Determine h(-1).
-180
Let o(f) = 33*f - 2939. Calculate o(86).
-101
Let k(v) = v**3 - 23*v**2 - 48*v - 54. Give k(25).
-4
Let s(a) = 98*a - 360. Determine s(4).
32
Let d(r) = -2*r**2 + 36*r + 110. Give d(-3).
-16
Let a(b) = b**3 - 35*b**2 + 52*b - 412. Determine a(34).
200
Let w(n) = -n**3 - 18*n**2 + 5*n + 70. Give w(-18).
-20
Let b(p) = p**3 + 63*p**2 - 64*p - 6. Determine b(-64).
-6
Let g(a) = -a**2 - 120*a - 1306. Calculate g(-12).
-10
Let u(s) = 46*s**3 - s - 1. Calculate u(-1).
-46
Let p(u) = -2724*u - 2724. Determine p(-1).
0
Let d(g) = 8*g + 80. Calculate d(-6).
32
Let o(h) = -h**3 - 2*h**2 + 17*h + 32. Calculate o(-3).
-10
Let m(l) = -l**2 - 130*l + 50532. Give m(-299).
1
Let u(b) = -b**3 - 34*b**2 - 90*b - 153. Give u(-31).
-246
Let w(v) = -13*v**2 - 6*v - 26. What is w(-2)?
-66
Let o(p) = p**3 - 54*p**2 + p + 28. Calculate o(54).
82
Let z(s) = -1908*s + 206084. Give z(108).
20
Let r(s) = -8*s**2 + s + 14. Give r(2).
-16
Let s(m) = -312*m + 6. Calculate s(0).
6
Let w(v) = -v**3 - 29*v**2 - 51*v + 198. Calculate w(-27).
117
Let s(t) = 5403*t - 5397. Calculate s(1).
6
Let l(j) = -18*j + 242. Determine l(16).
-46
Let f(m) = m**2 - 33*m - 90. Give f(35).
-20
Let k(d) = 102*d**2 + 3064*d + 60. Give k(-30).
-60
Let m(n) = -n**2 - 60*n + 2887. Determine m(-92).
-57
Let u(g) = -236*g - 1613. Determine u(-6).
-197
Let i(q) = -q**2 + 2*q + 2137. Calculate i(-45).
22
Let l(f) = -20*f + 1729. Give l(86).
9
Let z(k) = 3*k**3 + 29*k**2 - k - 5. Give z(-11).
-478
Let c(x) = -401*x - 8018. Determine c(-20).
2
Let k(v) = 301*v + 1810. Calculate k(-6).
4
Let d(r) = -8*r**3 + 39*r**2 - 43*r + 67. Give d(4).
7
Let j(o) = 8*o**2 + 43*o - 43. Calculate j(1).
8
Let v(a) = 3422*a - 116344. Calculate v(34).
4
Let p(q) = 9*q**2 - 92*q + 238. Give p(4).
14
Let n(k) = 178*k - 188. What is n(1)?
-10
Let c(t) = -75*t + 1546. Give c(16).
346
Let u(q) = -3*q**2 - 43*q + 25. What is u(-6)?
175
Let o(r) = -34*r**2 + 20*r. Calculate o(2).
-96
Let t(d) = -d**2 + 49*d + 138. What is t(51)?
36
Let y(v) = v**2 - 368*v - 19053. What is y(-46)?
-9
Let y(x) = -x**2 + 30*x - 155. Calculate y(6).
-11
Let k(y) = -y**2 - 15*y - 75. What is k(-16)?
-91
Let d(w) = -2*w**2 + 38*w + 498. What is d(28)?
-6
Let k(w) = w**3 + 14*w**2 + 51*w + 22. Calculate k(-7).
8
Let y(w) = -w**2 - 43*w - 550. Give y(-19).
-94
Let p(t) = -170*t - 62724. Calculate p(-369).
6
Let l(r) = -14*r**2 - 51*r - 141. What is l(-5)?
-236
Let n(y) = -34*y**2 - 574*y + 73. Determine n(-17).
5
Let c(a) = -25*a - 2744. Determine c(-109).
-19
Let k(g) = 5*g**3 - 481*g**2 + 81*g + 1433. Calculate k(96).
-7
Let g(y) = -70*y**3 - y**2 + 15*y - 14. Determine g(1).
-70
Let b(i) = 258*i - 3361. Give b(13).
-7
Let f(m) = 3*m**2 + 110*m - 102. Give f(-35).
-277
Let r(q) = 59*q**2 + 9*q + 1. Determine r(-1).
51
Let o(f) = -557*f - 13365. Calculate o(-24).
3
Let j(c) = 49*c**2 + 586*c - 41. Determine j(-12).
-17
Let x(v) = v**2 + 81*v + 517. What is x(-7)?
-1
Let v(u) = u**3 + 11*u**2 + 59*u + 202. Give v(-6).
28
Let f(o) = o**3 - 7*o**2 - 5*o - 43. What is f(8)?
-19
Let s(w) = -2*w**3 - 8*w**2 - 10*w + 4. What is s(-2)?
8
Let c(h) = -h**3 + 4*h**2 + 72*h - 349. Give c(6).
11
Let x(u) = 340*u + 2386. What is x(-7)?
6
Let a(s) = s**3 + 18*s**2 + 45*s + 482. Give a(-17).
6
Let m(t) = 1638*t + 4921. Determine m(-3).
7
Let w(z) = 302*z - 7264. Calculate w(24).
-16
Let u(r) = -r**2 - 98*r - 2393. What is u(-47)?
4
Let f(w) = -w**3 + 16*w**2 - 15*w + 84. Determine f(15).
84
Let c(x) = x**3 + 31*x**2 - 70*x - 130. Determine c(-33).
2
Let a(l) = 732*l + 3220. Give a(-5).
-440
Let f(g) = -g**2 - 17*g + 232. What is f(-27)?
-38
Let j(n) = -5*n**2 + 11*n - 3. Determine j(2).
-1
Let v(q) = q**2 - 51*q + 32. Give v(18).
-562
Let b(u) = u**3 - u**2 + u + 572. Give b(0).
572
Let g(p) = 4*p**2 - 70*p + 159. Give g(16).
63
Let m(d) = 2*d**2 + 85*d + 521. Calculate m(-37).
114
Let p(g) = 9*g - 80. What is p(10)?
10
Let m(b) = -4*b**3 - 9*b**2 - 24*b + 2. Give m(-2).
46
Let v(p) = -2*p**2 + 244*p - 2224. Calculate v(112).
16
Let m(r) = -r**3 - 25*r**2 - 7*r - 150. Give m(-25).
25
Let a(j) = 4*j - 26. Calculate a(1).
-22
Let i(c) = 2*c**3 - 10*c**2 + 15*c. Calculate i(6).
162
Let x(d) = d**2 - 47*d + 326. Give x(37).
-44
Let n(x) = x**3 + 8*x**2 - 21*x - 17. Calculate n(-10).
-7
Let d(k) = k**3 + 89*k**2 + 106*k + 1573. What is d(-88)?
-11
Let z(s) = s**2 + 10*s - 417. Calculate z(16).
-1
Let r(m) = 10*m**2 + 513*m + 34. Determine r(-51).
-119
Let m(p) = p**3 - 25*p**2 + 3*p - 30. What is m(25)?
45
Let u(y) = -734*y**2 + 2932*y + 15. What is u(4)?
-1
Let s(o) = 2*o**3 + 126*o**2 + 244*o - 5. Calculate s(-61).
-5
Let d(u) = -2*u**3 - 19*u**2 - 7*u - 22. Calculate d(-9).
-40
Let t(o) = 93*o + 196. Calculate t(-2).
10
Let i(t) = 161*t - 28337. Determine i(176).
-1
Let v(u) = 7*u**3 - 2*u + 1. Calculate v(2).
53
Let c(h) = h**2 - 2387*h - 11962. What is c(-5)?
-2
Let j(s) = -s**2 - 6*s + 18. Calculate j(-5).
23
Let x(t) = 4*t**3 - 25*t**2 - 6*t - 68. Give x(7).
37
Let h(g) = -2*g**2 + 6*g + 79. What is h(-8)?
-97
Let d(y) = y**3 + 8*y**2 - 69*y + 211. Calculate d(-14).
1
Let y(b) = 195*b - 4088. What is y(21)?
7
Let t(l) = 3*l**3 - 806*l - 1617. Calculate t(-2).
-29
Let q(c) = -5*c**3 + 18*c**2 - 8*c + 11. Calculate q(3).
14
Let s(d) = -d - 75. Give s(-18).
-57
Let y(b) = b**3 + 25*b**2 + 25*b + 1347. What is y(-26)?
21
Let r(w) = -3*w**2 + 19*w + 107. Determine r(-4).
-17
Let o(l) = -28*l - 89. What is o(16)?
-537
Let y(p) = p**3 - 23*p**2 + 95*p - 2850. Give y(24).
6
Let u(q) = -q**3 + 4*q**2 + 322*q + 37. What is u(-16)?
5
Let d(o) = -619*o - 4323. Give d(-7).
10
Let t(r) = -4*r**2 + 122*r - 50. Determine t(30).
10
Let q(f) = -f**3 - 11*f**2 - 48*f - 2. Give q(-6).
106
Let z(q) = q**3 - 10*q + 182. Give z(0).
182
Let i(o) = o**3 + 17*o**2 - 32*o - 22. Determine i(-18).
230
Let p(u) = 4*u**2 + 84*u - 395. Give p(-25).
5
Let r(o) = -287*o - 3444. Determine r(-12).
0
Let r(w) = w**3 + 19*w**2 + 2*w + 184. Determine r(-19).
146
Let x(d) = -14*d + 133. Determine x(10).
-7
Let u(k) = 24*k + 641. Calculate u(-25).
41
Let b(r) = -2*r**3 - 154*r**2 + 4. Determine b(-77).
4
Let q(y) = -3*y**2 - 46*y - 388. Determine q(-6).
-220
Let l(w) = -285*w - 8003. Calculate l(-28).
-23
Let l(a) = -4*a**3 + 505*a**2 - 122*a - 500. Calculate l(126).
4
Let b(d) = -2*d**3 + 169*d**2 - 91*d + 404. Calculate b(84).
-184
Let a(q) = q**2 - 54*q - 222. Give a(58)